hat is l(4)?
-778
Let k(j) = 14*j + 2367. What is k(-140)?
407
Let j(w) = w**2 + 54*w - 2448. What is j(29)?
-41
Let b(l) = 23*l**2 - 1761*l - 7414. Calculate b(-4).
-2
Let t(s) = 4*s**3 + 427*s**2 - 131*s - 2564. What is t(-107)?
4
Let m(w) = 2*w**2 + 2590*w + 73347. Calculate m(-29).
-81
Let j(q) = -q**2 + 16616*q + 732843. What is j(-44)?
-197
Let y(j) = -709*j + 5128. Give y(16).
-6216
Let k(u) = 643*u + 12249. Calculate k(-19).
32
Let h(c) = -2*c**2 + 83*c + 886. Determine h(-9).
-23
Let g(j) = 3*j**3 - 298*j**2 - 1147*j - 364. Calculate g(103).
-1806
Let s(z) = z**2 - 121*z - 1884. Determine s(141).
936
Let b(y) = -272832*y + 545661. Calculate b(2).
-3
Let r(o) = o**3 - 778*o**2 - 5629*o + 4977455. Give r(777).
-7
Let t(k) = 117*k**2 + 1284*k - 37. Give t(-11).
-4
Let s(v) = -12*v**3 - 85*v**2 + 1018*v + 7155. Determine s(-7).
-20
Let p(m) = -m**3 + 162*m**2 + 47*m - 7569. Determine p(162).
45
Let z(o) = 2421*o + 117248. Give z(-48).
1040
Let c(k) = -k**3 - 61*k**2 + 470*k - 378. Give c(-68).
30
Let i(w) = -6*w**3 - 41*w**2 - 21*w + 100. Determine i(-5).
-70
Let q(n) = 3*n**3 + 12459*n**2 + 566766*n - 2. What is q(-46)?
-2
Let w(d) = 1147*d + 1616. Give w(-3).
-1825
Let z(y) = y**2 - 19358*y + 232100. Give z(12).
-52
Let c(x) = 7749*x - 836880. Calculate c(108).
12
Let g(u) = -20153*u - 2458615. Determine g(-122).
51
Let p(t) = 5334*t - 1680202. Determine p(315).
8
Let a(b) = -1678*b - 10315. Give a(-6).
-247
Let b(r) = -7*r**2 + 538*r - 4333. Determine b(8).
-477
Let l(d) = -211*d + 4484. Calculate l(20).
264
Let w(d) = -d**3 - 36*d**2 - 253*d - 5637. Determine w(-33).
-555
Let k(a) = 2*a**3 - 125*a**2 - 38257*a + 4145. Determine k(173).
-7
Let x(f) = 469*f + 31024. Give x(-68).
-868
Let f(d) = 19*d**2 - 4012*d + 4280. Determine f(210).
-340
Let z(j) = -5*j**3 + 45*j**2 + 16*j + 28. Calculate z(9).
172
Let g(u) = 149*u + 3153. Calculate g(-23).
-274
Let m(c) = c**3 + 2*c**2 - 418*c - 52. Calculate m(22).
2368
Let n(y) = 54*y**2 + 3055*y - 1234. What is n(-57)?
77
Let u(i) = i**3 - 6*i**2 - 31*i - 94. Determine u(-10).
-1384
Let j(z) = -3*z**2 - 161*z - 2279. What is j(-34)?
-273
Let g(m) = 7*m**2 + 3048*m + 16349. What is g(-430)?
9
Let g(i) = 4371*i + 192346. Give g(-44).
22
Let i(y) = -2*y**2 + 8106*y + 113779. Determine i(-14).
-97
Let x(h) = -h**3 + 159*h**2 - 4919*h + 278. Give x(117).
-307
Let n(z) = z**3 + 52*z**2 - 154*z - 6422. Calculate n(-54).
-3938
Let f(n) = -677*n - 31787. What is f(-47)?
32
Let l(q) = q**3 + 95*q**2 - 193*q - 28. Determine l(-97).
-125
Let x(l) = 15042*l - 45138. Determine x(3).
-12
Let d(c) = 1001*c + 920. Calculate d(-1).
-81
Let y(a) = -38*a**2 - 227*a + 1577. Calculate y(5).
-508
Let x(v) = v**3 - 12*v**2 - 9*v + 29. Give x(8).
-299
Let r(n) = 51*n - 2685. Give r(41).
-594
Let b(o) = 2*o**3 - 19*o**2 + 42*o - 477. Calculate b(15).
2628
Let i(n) = 33*n**2 + 93*n + 17. Calculate i(-4).
173
Let p(a) = -a**2 + 1265*a - 16328. Give p(13).
-52
Let a(i) = 146209*i + 1023476. What is a(-7)?
13
Let o(q) = -q**3 + 9*q**2 + 53*q + 8. Give o(13).
21
Let w(j) = 1157*j + 12812. Give w(-11).
85
Let k(r) = r**3 - 129*r**2 + 542*r - 87376. Give k(130).
-16
Let h(i) = 2*i**3 - 8*i**2 - 156*i + 50. Calculate h(12).
482
Let w(n) = -n**3 + 21*n**2 + 115*n - 209. What is w(-6)?
73
Let x(m) = -167*m + 15736. Give x(95).
-129
Let l(p) = 3*p**3 - 51*p**2 - 59*p + 1571. Determine l(16).
-141
Let c(j) = 3*j**3 - 76*j**2 - 77*j + 2582. What is c(25)?
32
Let n(i) = i**2 - 3243*i + 287024. Determine n(91).
192
Let b(d) = 21*d**2 - 13838*d + 149034. Give b(648).
-6
Let f(c) = -c**2 - 83*c + 214. Determine f(-86).
-44
Let l(f) = -2*f**3 + 439*f**2 - 10053*f - 238. What is l(26)?
-4
Let v(t) = t**2 + 7806*t + 464760. Calculate v(-60).
0
Let z(i) = i**3 + 6*i**2 - 1232*i - 13908. What is z(-12)?
12
Let r(q) = 29*q**2 + 713*q + 3430. Give r(-18).
-8
Let d(g) = -552*g + 102241. What is d(185)?
121
Let n(b) = -23*b**2 + 1658*b - 226. Give n(72).
-82
Let s(b) = 47712*b + 3578406. What is s(-75)?
6
Let y(z) = z**3 + 53*z**2 + 1783*z + 44083. Calculate y(-37).
16
Let h(o) = -5427*o - 70502. Calculate h(-13).
49
Let q(a) = -1040*a - 19551. Give q(-18).
-831
Let f(h) = 329*h + 41504. Give f(-126).
50
Let f(p) = -2*p**3 - 138*p**2 - 374*p - 7094. What is f(-67)?
8
Let s(a) = -a**2 + 5667*a - 101675. Give s(18).
7
Let x(j) = -932*j - 54194. What is x(-58)?
-138
Let k(d) = 1352*d - 105463. Determine k(78).
-7
Let p(s) = -2*s**3 + 362*s**2 - 11*s + 2027. Give p(181).
36
Let j(s) = s**2 - 646*s - 1301. Determine j(-2).
-5
Let j(a) = -2700713*a + 16204273. Give j(6).
-5
Let x(p) = p**3 - 173*p**2 - 8273*p + 363. Give x(212).
-697
Let d(l) = -95277*l - 190557. Determine d(-2).
-3
Let f(u) = -u**2 + 40*u + 939. Calculate f(-20).
-261
Let n(m) = -20474*m - 20263. Calculate n(-1).
211
Let u(l) = -28*l**3 + 814*l**2 - 1050*l + 28761. Give u(29).
-7
Let n(m) = 431884*m - 19434776. Give n(45).
4
Let b(x) = 6*x**2 + 569*x + 13156. Calculate b(-40).
-4
Let n(v) = 61*v**3 - 377*v**2 - 13*v + 35. Determine n(6).
-439
Let c(a) = -a**3 - 16*a**2 - 111. Determine c(-16).
-111
Let l(p) = 147*p - 6395. What is l(55)?
1690
Let l(m) = -m**3 + 100*m**2 - 381*m + 8717. Calculate l(97).
-13
Let w(i) = -31*i + 2840. Give w(100).
-260
Let r(n) = -n**3 - 5*n**2 - 5890*n - 35358. What is r(-6)?
18
Let g(i) = -11*i**2 - 1229*i - 12175. Determine g(-11).
13
Let u(f) = 414*f + 12808. Give u(-31).
-26
Let h(j) = 23547*j + 706410. Calculate h(-30).
0
Let d(f) = -400754*f - 7213565. Give d(-18).
7
Let b(a) = -8*a**2 - 483*a - 370. Give b(-60).
-190
Let u(q) = -115*q**2 - 1733*q - 111. Determine u(-15).
9
Let b(z) = -3*z**3 - 185*z**2 + 95*z + 2049. What is b(-62)?
3
Let p(w) = 26*w**3 - 237*w**2 + 23*w + 34. What is p(9)?
-2
Let u(m) = 1117*m**2 + 1393*m + 2771. What is u(-2)?
4453
Let s(q) = -6*q**2 + 55*q + 1105. What is s(19)?
-16
Let t(x) = -2*x**3 + 98*x**2 - 592*x + 38. What is t(7)?
10
Let w(u) = -u**3 - 53*u**2 - 343*u + 58. What is w(-46)?
1024
Let q(p) = -p**2 - 55929*p + 335610. Calculate q(6).
0
Let p(t) = -1170*t - 59698. What is p(-51)?
-28
Let h(v) = -10459*v + 512469. What is h(49)?
-22
Let a(v) = -v**3 + 72*v**2 - 422*v + 10190. What is a(68)?
-10
Let n(v) = 3908*v - 109. Determine n(0).
-109
Let d(q) = -4*q**3 + 185*q**2 + 101*q + 1880. Determine d(47).
0
Let g(o) = 5*o**2 + 29*o - 476. Calculate g(-15).
214
Let r(d) = d**3 - 77*d**2 + 1489*d - 1607. Calculate r(32).
-39
Let n(k) = 2800*k + 123231. Give n(-44).
31
Let s(f) = -3*f**2 + 61*f - 386. Calculate s(9).
-80
Let s(m) = -m**2 + 89*m + 3599. Determine s(116).
467
Let u(z) = 116*z + 5666. What is u(-49)?
-18
Let d(f) = -48097*f + 769551. Determine d(16).
-1
Let u(p) = p**3 + 133*p**2 - 11*p - 1376. What is u(-133)?
87
Let c(b) = 750*b + 109535. Calculate c(-146).
35
Let z(o) = 28*o**2 - 456*o - 4562. Give z(-7).
2
Let q(c) = 1108*c - 67572. What is q(61)?
16
Let c(p) = -3*p**2 - 972*p - 58778. Determine c(-79).
-713
Let g(r) = -r**3 + 17*r**2 - 1033*r + 11128. Determine g(11).
491
Let o(k) = -15111*k - 604485. What is o(-40)?
-45
Let k(x) = -6392*x + 345160. What is k(54)?
-8
Let v(q) = -9*q**2 + 3621*q + 29465. Calculate v(-8).
-79
Let x(o) = 249*o - 59983. Give x(240).
-223
Let l(t) = -t**3 + 77*t**2 - 453*t + 6689. What is l(72)?
-7
Let q(c) = -15*c**3 - 329*c**2 + 25*c + 56. Calculate q(-22).
-10
Let l(z) = -372*z + 17913. Give l(36).
4521
Let r(d) = -44794*d - 224020. Determine r(-5).
-50
Let x(h) = -379249*h + 4550983. Determine x(12).
-5
Let x(j) = -1997518*j + 3995028. Determine x(2).
-8
Let y(x) = -11*x - 2145. Give y(-151).
-484
Let d(y) = 27695*y - 332332. What is d(12)?
8
Let z(l) = 22*l**2 + 3399*l + 88202. Determine z(-33).
-7
Let a(j) = -j**3 + 43*j**2 - 936*j - 19150. Determine a(-12).
2
Let g(d) = 290*d - 9646. Give g(33).
-76
Let t(l) = -11*l**3 + 122*l**2 + 140*l - 1281. Give t(11).
380
Let w(m) = -5411*m**2 - 216432*m + 327. Calculate w(-40).
7
Let i(c) = c**3 + 8*c**2 - 580*c + 1640. Determine i(3).
-1
Let z(p) = -96764*p - 193503. Determine z(-2).
25
Let y(w) = -3*w**3 - 1361*w**2 - 4952*w - 906. What is y(-450)?
-6
Let m(x) = 4*x**3 - 11*x**2 + 1917*x - 9718. Determine m(5).
92
Let r(o) = -o**3 - 956*o**2 - 13189*o - 1090. What is r(-942)?
-148
Let y(j) = 6*j**2 - 519*j - 10254.